lculate the highest common factor of 63 and 210.
21
Calculate the highest common divisor of 248 and 31.
31
What is the highest common factor of 17 and 340?
17
Calculate the greatest common divisor of 945 and 75.
15
What is the greatest common divisor of 34 and 19958?
34
Calculate the highest common divisor of 64 and 112.
16
What is the greatest common divisor of 1431 and 1113?
159
What is the highest common factor of 91 and 231?
7
What is the greatest common divisor of 6533 and 141?
47
Calculate the greatest common factor of 176 and 990.
22
Calculate the greatest common factor of 119 and 1862.
7
What is the greatest common factor of 17416 and 16?
8
What is the greatest common divisor of 276 and 184?
92
Calculate the greatest common factor of 11312 and 202.
202
Calculate the greatest common divisor of 27 and 48789.
27
What is the highest common divisor of 28 and 28?
28
What is the highest common factor of 10 and 1630?
10
What is the highest common divisor of 185 and 295?
5
Calculate the highest common divisor of 220 and 176.
44
Calculate the greatest common factor of 25 and 7.
1
What is the highest common divisor of 264 and 22?
22
What is the highest common divisor of 51 and 4063?
17
Calculate the highest common divisor of 17 and 12223.
17
What is the highest common factor of 375 and 225?
75
Calculate the highest common divisor of 8 and 37768.
8
What is the greatest common divisor of 3429 and 27?
27
What is the greatest common divisor of 2 and 106?
2
Calculate the highest common factor of 63 and 140.
7
Calculate the greatest common divisor of 296 and 444.
148
Calculate the highest common divisor of 901 and 159.
53
What is the greatest common factor of 28 and 6?
2
Calculate the highest common factor of 2400 and 144.
48
What is the greatest common factor of 171 and 2793?
57
Calculate the greatest common factor of 21420 and 68.
68
Calculate the greatest common factor of 26 and 47034.
26
Calculate the greatest common divisor of 1859 and 22.
11
What is the greatest common factor of 6792 and 12?
12
What is the greatest common factor of 328 and 24?
8
What is the highest common divisor of 19 and 3173?
19
Calculate the greatest common divisor of 4624 and 544.
272
What is the highest common divisor of 684 and 399?
57
What is the greatest common factor of 66 and 1749?
33
What is the greatest common divisor of 462 and 726?
66
What is the highest common factor of 316 and 36024?
316
What is the highest common factor of 75 and 25?
25
What is the greatest common divisor of 88 and 121?
11
Calculate the greatest common factor of 21 and 10731.
21
What is the highest common factor of 88 and 17512?
88
Calculate the highest common divisor of 53505 and 290.
145
What is the greatest common factor of 14 and 15001?
7
What is the highest common factor of 188 and 423?
47
Calculate the highest common divisor of 7582 and 102.
34
What is the greatest common factor of 140 and 50?
10
What is the highest common factor of 5 and 22565?
5
Calculate the highest common factor of 576 and 72.
72
Calculate the highest common divisor of 18 and 72.
18
Calculate the greatest common factor of 145 and 348.
29
Calculate the greatest common divisor of 24 and 1752.
24
Calculate the highest common divisor of 47 and 82579.
47
Calculate the greatest common divisor of 892 and 4.
4
Calculate the greatest common divisor of 28 and 119.
7
What is the greatest common factor of 35 and 16765?
35
Calculate the greatest common divisor of 4545 and 45.
45
What is the greatest common divisor of 77 and 121?
11
What is the greatest common factor of 64 and 544?
32
Calculate the highest common divisor of 8640 and 135.
135
Calculate the highest common divisor of 2640 and 110.
110
Calculate the highest common divisor of 1350 and 1161.
27
What is the greatest common factor of 555 and 15?
15
What is the highest common factor of 32880 and 12?
12
Calculate the highest common factor of 32676 and 84.
84
What is the highest common divisor of 7742 and 392?
98
What is the greatest common divisor of 21 and 3549?
21
Calculate the greatest common divisor of 88 and 1496.
88
Calculate the highest common factor of 168 and 266.
14
Calculate the highest common divisor of 112 and 2128.
112
Calculate the highest common divisor of 102 and 3213.
51
What is the greatest common divisor of 110 and 605?
55
Calculate the highest common divisor of 90 and 570.
30
Calculate the greatest common divisor of 1472 and 1748.
92
What is the highest common divisor of 14 and 20734?
14
Calculate the greatest common factor of 12 and 1164.
12
Calculate the greatest common factor of 1472 and 69.
23
Calculate the highest common divisor of 98 and 2989.
49
Calculate the highest common factor of 16 and 1552.
16
Calculate the highest common divisor of 24 and 2592.
24
Calculate the highest common factor of 20 and 11870.
10
Calculate the highest common factor of 27 and 432.
27
What is the highest common factor of 24806 and 237?
79
Calculate the highest common divisor of 16 and 16.
16
What is the greatest common divisor of 20160 and 42?
42
What is the greatest common divisor of 138 and 184?
46
Calculate the greatest common divisor of 80 and 540.
20
Calculate the highest common factor of 67 and 5.
1
Calculate the highest common factor of 107 and 3.
1
What is the highest common divisor of 25 and 20575?
25
Calculate the greatest common factor of 1022 and 14.
14
What is the greatest common factor of 45 and 36?
9
What is the greatest common divisor of 3200 and 50?
50
What is the greatest common factor of 9 and 111?
3
Calculate the highest common factor of 504 and 2142.
126
Calculate the greatest common factor of 122 and 32818.
122
What is the highest common divisor of 254 and 2?
2
Calculate the highest common divisor of 99 and 121.
11
Calculate the highest common factor of 19660 and 180.
20
What is the greatest common divisor of 10 and 25?
5
What is the greatest common factor of 432 and 32?
16
Calculate the highest common divisor of 36 and 18126.
18
Calculate the greatest common factor of 686 and 952.
14
Calculate the highest common divisor of 8976 and 544.
272
What is the greatest common factor of 585 and 45?
45
Calculate the highest common divisor of 36 and 882.
18
Calculate the greatest common divisor of 46 and 391.
23
What is the greatest common factor of 207 and 477?
9
What is the greatest common divisor of 76 and 494?
38
Calculate the greatest common factor of 182 and 4277.
91
Calculate the highest common divisor of 10 and 60.
10
Calculate the greatest common divisor of 247 and 39.
13
What is the greatest common divisor of 14817 and 66?
33
Calculate the highest common divisor of 1225 and 35.
35
Calculate the greatest common divisor of 7 and 5.
1
What is the greatest common divisor of 333 and 7881?
111
Calculate the greatest common divisor of 527 and 62.
31
What is the greatest common divisor of 361 and 494?
19
Calculate the highest common factor of 86 and 2.
2
What is the highest common factor of 81 and 45?
9
What is the greatest common factor of 33 and 4521?
33
Calculate the greatest common factor of 675 and 432.
27
Calculate the greatest common divisor of 2588 and 12.
4
What is the highest common divisor of 15 and 135?
15
Calculate the greatest common factor of 720 and 6432.
48
Calculate the greatest common factor of 297 and 216.
27
Calculate the highest common divisor of 105 and 30.
15
What is the greatest common divisor of 114 and 152?
38
Calculate the highest common factor of 280 and 10.
10
Calculate the greatest common factor of 2 and 323.
1
What is the greatest common factor of 2162 and 94?
94
What is the highest common factor of 7 and 23233?
7
Calculate the highest common factor of 144 and 90.
18
Calculate the highest common factor of 306 and 136.
34
Calculate the highest common factor of 4 and 724.
4
Calculate the greatest common divisor of 7 and 224.
7
What is the highest common factor of 2070 and 138?
138
What is the highest common divisor of 58 and 5510?
58
What is the greatest common factor of 22 and 451?
11
Calculate the greatest common divisor of 183 and 122.
61
What is the greatest common divisor of 9499 and 46?
23
What is the highest common factor of 49 and 56?
7
Calculate the highest common factor of 203 and 232.
29
Calculate the greatest c